 + 17. What is h(-7)?
66
Let a(k) = k**2 - 17*k - 24. Determine a(16).
-40
Let s(l) = -l - 2. What is s(12)?
-14
Let d(z) = 2*z + 21. Calculate d(-13).
-5
Let a(k) = k**3 - 24*k**2 + 20*k + 76. Calculate a(23).
7
Let t(y) = -30*y - 900. What is t(-30)?
0
Let f(g) = 8*g**2 - 49*g - 16. What is f(6)?
-22
Let v(z) = z + 5. Calculate v(-13).
-8
Let y(f) = -f**2 + 10*f - 21. Give y(2).
-5
Let r(q) = -3*q**2 - 3*q - 6. Give r(-2).
-12
Let i(h) = h**2 + 16*h + 35. Calculate i(-13).
-4
Let c(t) = t**3 - 11*t**2 + t - 7. Calculate c(11).
4
Let z(b) = b**2 + 1. Determine z(-3).
10
Let k(g) = 4*g - 68. Calculate k(16).
-4
Let g(z) = z**2 - z + 13. What is g(0)?
13
Let v(i) = -i**2 + 36*i - 81. Determine v(34).
-13
Let t(v) = v**3 - 4*v**2 - 43*v + 196. What is t(5)?
6
Let a(r) = r**2 - 8*r + 7. What is a(7)?
0
Let p(c) = -c**2 - 6. Determine p(0).
-6
Let g(w) = -w**3 + 8*w**2 - 8*w - 30. Determine g(8).
-94
Let p(k) = 7*k + 36. Determine p(-6).
-6
Let r(t) = 50*t**3 - 3*t**2 + 2*t + 1. What is r(1)?
50
Let m(j) = j**3 + 23*j**2 + 41*j - 20. Calculate m(-21).
1
Let o(w) = -2*w**2 - 4*w - 8. Give o(-5).
-38
Let p(x) = x**2 + 9*x - 14. What is p(-9)?
-14
Let z(b) = -2*b**2 + 25*b - 7. What is z(14)?
-49
Let m(t) = -19*t - 2. Give m(-2).
36
Let o(v) = 2*v + 7. Determine o(-5).
-3
Let d(r) = 12*r + 6. Calculate d(3).
42
Let t(y) = y**3 - 19*y**2 - 18*y - 38. Give t(20).
2
Let b(p) = p**2 + 20*p - 11. Give b(-17).
-62
Let h(a) = -a**2 - a + 5. Calculate h(7).
-51
Let v(k) = -k**3 - 5*k**2 + 6*k + 36. What is v(-5)?
6
Let r(a) = -a**2 + 25*a - 59. Give r(22).
7
Let h(p) = p**3 - p**2 + p - 4. Calculate h(-4).
-88
Let i(r) = -r**2 - 11*r + 1. Determine i(-9).
19
Let q(i) = -3*i**2 - 3*i + 2. Calculate q(-4).
-34
Let k(c) = 2*c**2 + 6*c + 4. What is k(-4)?
12
Let c(l) = 30*l - 79. Calculate c(4).
41
Let g(u) = 3*u**3 - u. Give g(-2).
-22
Let d(n) = n + 18. Give d(-13).
5
Let v(p) = 8*p + 5. What is v(-4)?
-27
Let q(t) = 4*t + 17. Give q(-4).
1
Let c(h) = 7*h + 55. What is c(-8)?
-1
Let j(x) = 2*x + 7. Calculate j(6).
19
Let m(j) = -96*j - 8. What is m(-1)?
88
Let f(s) = -34*s + 370. Give f(11).
-4
Let u(m) = -m**2 - 2*m - 16. Calculate u(0).
-16
Let p(d) = -d**3 + 5*d**2 + 7. What is p(6)?
-29
Let b(a) = -7*a**2 - a + 1. Give b(1).
-7
Let i(d) = -8*d + 15. Determine i(10).
-65
Let y(s) = -s**3 + 14*s**2 - 24*s + 3. What is y(12)?
3
Let x(d) = -3*d**2 + 26*d + 8. Calculate x(9).
-1
Let w(c) = 66*c + 146. What is w(-2)?
14
Let r(c) = c**3 + 8*c**2 + 7*c - 49. Determine r(-5).
-9
Let g(l) = 3*l**2 + 16*l - 11. Calculate g(-10).
129
Let r(k) = 2*k + 10. Determine r(-8).
-6
Let i(j) = -4*j + 2. Give i(-2).
10
Let v(q) = -q. What is v(0)?
0
Let w(y) = y - 14. Calculate w(8).
-6
Let k(a) = a**3 - 30*a**2 + 3*a - 89. What is k(30)?
1
Let q(s) = -s**3 + 10*s**2 - 9*s - 11. Give q(9).
-11
Let f(p) = -2*p**2 + 50*p + 61. Give f(26).
9
Let f(q) = -q**2 - 8*q - 13. What is f(-6)?
-1
Let h(a) = a**3 + 10*a**2 + 29*a + 5. What is h(-4)?
-15
Let q(u) = -3*u**3 + 2*u**2 + 2*u - 2. Give q(2).
-14
Let i(m) = 5*m - 47. Give i(0).
-47
Let s(w) = w**3 + 3*w**2 - 2*w - 6. Determine s(-4).
-14
Let x(k) = -k**3 + 9*k**2 - 11*k - 4. Calculate x(8).
-28
Let r(y) = -2*y**2 - 19*y - 15. What is r(-10)?
-25
Let w(m) = -15*m + 14. What is w(1)?
-1
Let c(d) = -d**3 - 7*d**2 + 12*d + 25. What is c(-8)?
-7
Let q(t) = -t**3 - 8*t**2 - 6*t + 15. What is q(-7)?
8
Let p(n) = n**3 + 12*n**2 - 6*n + 18. Calculate p(-13).
-73
Let z(n) = 4*n**2 - 10*n + 1. Calculate z(3).
7
Let p(d) = 6*d + 25. What is p(-4)?
1
Let h(x) = 7*x**3 - 2*x + 1. What is h(-2)?
-51
Let g(s) = -s**2 - 12*s - 29. Give g(-7).
6
Let q(v) = v**3 + 8*v**2 + 1. Determine q(-7).
50
Let x(y) = -y**2 - 11*y + 8. Determine x(-10).
18
Let r(z) = -4*z**2 - 10*z - 21. What is r(-4)?
-45
Let y(b) = -10*b**2 - 5*b - 5. Calculate y(-3).
-80
Let q(g) = -g**3 + 6*g**2 - 4*g + 2. Give q(5).
7
Let m(g) = 4*g - 7. Give m(0).
-7
Let i(y) = 6*y + 1. Calculate i(-3).
-17
Let y(n) = n**3 + 5*n**2 - 8*n - 11. Give y(-6).
1
Let d(g) = -g**2 + g + 3. Give d(5).
-17
Let j(r) = 10*r**2. Determine j(-1).
10
Let k(c) = -c**2 + 20*c + 190. What is k(27)?
1
Let n(u) = -u**2 + 20*u - 44. What is n(18)?
-8
Let n(h) = h**2 - 28*h + 30. Determine n(27).
3
Let b(u) = 2*u**3 + 3*u**2 + 3*u. Determine b(-2).
-10
Let k(u) = -u**2 + 12*u - 6. What is k(11)?
5
Let v(c) = 4*c**2 - 5*c + 13. What is v(6)?
127
Let b(l) = -3*l + 18. Calculate b(1).
15
Let x(t) = t**3 - 4*t**2 - t - 14. Calculate x(6).
52
Let r(a) = -a**3 - 8. Determine r(0).
-8
Let j(l) = l**3 - 6*l**2 - 5*l + 4. Calculate j(3).
-38
Let q(x) = -6*x + 35. Calculate q(6).
-1
Let x(j) = -3*j + 12. Give x(-22).
78
Let x(i) = 3*i - 13. Calculate x(2).
-7
Let b(h) = -h**2 - 7*h - 9. Calculate b(-2).
1
Let u(f) = -8*f + 91. Calculate u(22).
-85
Let m(j) = j**3 + 17*j**2 + 18*j + 17. Determine m(-16).
-15
Let q(v) = -20*v - 114. Give q(-6).
6
Let a(y) = 2*y**3 + 7*y**2 - 5*y - 2. Calculate a(-4).
2
Let o(n) = -n**2 - 97*n - 540. What is o(-6)?
6
Let y(k) = -k**3 - 18*k**2 + 3*k + 19. Give y(-18).
-35
Let o(g) = g**2 - 3*g - 6. Calculate o(7).
22
Let r(j) = 2*j - 14. What is r(8)?
2
Let p(g) = 93*g - 552. Determine p(6).
6
Let h(i) = 4*i**3 - i**2 + 3*i - 2. Calculate h(2).
32
Let n(c) = -c - 2. Give n(2).
-4
Let q(s) = -16*s + 11. What is q(4)?
-53
Let d(s) = -2*s**3 + 7*s**2 + 5*s - 13. Calculate d(4).
-9
Let t(f) = f**2 + 5*f - 10. Determine t(5).
40
Let i(n) = -178*n - 884. Determine i(-5).
6
Let m(u) = -4*u + 11. Determine m(8).
-21
Let s(z) = -z**3 + 9*z**2 - 7*z - 7. Calculate s(8).
1
Let h(a) = a**2 - 6*a + 11. Determine h(4).
3
Let a(q) = 213*q + 1290. Give a(-6).
12
Let r(f) = -3*f**2 - 77*f - 55. What is r(-25)?
-5
Let b(m) = -m**2 - 6*m + 24. Give b(-11).
-31
Let f(n) = 10*n + 92. What is f(-9)?
2
Let s(x) = 50*x + 106. Determine s(-2).
6
Let a(l) = l**3 + l**2 - 6. What is a(0)?
-6
Let m(b) = -2*b**2 + 9*b - 8. Determine m(6).
-26
Let w(t) = -7*t + 48. Give w(14).
-50
Let q(n) = n**2 - n - 1. Determine q(2).
1
Let m(i) = -i**2 + 3*i + 11. Determine m(5).
1
Let x(h) = -h**3 + 17*h**2 + 16*h + 24. Calculate x(18).
-12
Let o(w) = -3*w**2 - 8*w - 4. Give o(-5).
-39
Let r(h) = 3*h - 81. What is r(26)?
-3
Let x(j) = 15*j. Calculate x(-3).
-45
Let j(r) = -r**3 - 5*r**2 - 11*r + 4. What is j(-5)?
59
Let o(k) = -k**2 + 5*k - 1. What is o(7)?
-15
Let i(v) = 2*v**2 + 32*v - 9. What is i(-15)?
-39
Let v(z) = 2*z**2 + 4*z - 6. Determine v(4).
42
Let x(s) = -2*s - 57. Determine x(0).
-57
Let a(z) = -3*z**2 + 2*z - 2. What is a(2)?
-10
Let l(x) = -3*x**2 + 3*x. Calculate l(4).
-36
Let m(o) = -o**2 + 8*o - 9. What is m(5)?
6
Let d(i) = 8*i**3 - 3*i**2 + 3*i - 1. Calculate d(2).
57
Let d(q) = -q**3 + 5*q**2 - 3*q - 3. What is d(4)?
1
Let f(x) = 2*x**2 - 4*x - 2. Give f(-3).
28
Let i(q) = -q - 9. Calculate i(0).
-9
Let w(c) = c**3 - 7*c**2 - c + 20. Determine w(7).
13
Let m(z) = 2*z - 82. What is m(0)?
-82
Let w(n) = n - 10. Give w(0).
-10
Let t(b) = -8*b**2 + 44*b + 2. Calculate t(7).
-82
Let x(g) = -4*g**2 - 12*g - 30. Give x(-8).
-190
Let b(n) = n**2 + 12*n - 7. What is b(-6)?
-43
Let y(w) = w**2 + 13*w + 14. Calculate y(-12).
2
Let u(j) = -2*j - 30. Give u(-9).
-12
Let q(v) = 3*v**2 + 10*v + 3. What is q(-4)?
11
Let b(p) = p**3 - 8*p**2 + 5*p + 10. What is b(7)?
-4
Let s(w) = 3*w - 13. Give s(5).
2
Let s(b) = 2*b + 21. Give s(-9).
3
Let t(o) = 21*o**3 - o**2 + 2. Give t(-1).
-20
Let f(z) = z**3 + 2*z**2 - 3*z - 7. Calculate f(-2).
-1
Let r(f) = -f**2 + 10*f - 4. What is r(8)?
12
Let c(m) = 14*m - 167. Calculate c(12).
1
Let k(w) = -w**2 + 2*w + 2. Calculate k(4).
-6
Let q(w) = -2*w**2 + 22*w + 5. Calculate q(12).
-19
Let w(o) = 12*o + 59. Give w(-5).
-1
Let m(i) = 24*i**3 + 2*i**2 - 2*i + 1. Give m(1).
25
Let y(u) = u**2 + 15*u + 7. Determine y(-8).
-49
Let v(m) = -m**3 + 34*m**2 + 35*m. Determine v(35).
0
Let q(r) = -r**2. What is q(-3)?
-9
Let f(c) = 13*c - 60. Calculate f(4).
-8
Let i(x) = -7*x - 3. Calculate i(9).
-66
Let c(d) = d**3 + 6*d**2 + 13*d + 10. Calculate c(-4).
-10
Let b(k) = k**3 - 8*k**2 - k + 13. What is b(8)?
5
Let v(g) = -g**3 - 21*g**2 - 2*g - 31. Calculate v(-21).
11
Let l(n) = -n**3 + 8*n**2 + 44*n + 36. Give l(12).
-12
Let h(k) = -2*k**2 + 17*k - 15. Calculate h(10).
-45
Let y(n) = n**2 - 1